 g = -18 - -12. Let v(z) = z**3 + 15*z**2 + 9*z. Let p be v(g). Calculate the highest common factor of p and 30.
30
Let u(l) = 22*l**2 + 2*l. Let y be u(2). Suppose 4*g + 2*a - 3*a = y, -3*g + 92 = 5*a. Let x be (-1 + 7)/(8/g). What is the greatest common divisor of 72 and x?
18
Let l(q) = q**3 - 13*q**2 + 12*q + 4. Let t be l(12). Suppose -t*c - 624 = -2*i, 4*i + 2*c + 3*c = 1313. What is the greatest common factor of 46 and i?
46
Let z = -29 - -45. What is the highest common divisor of 32 and z?
16
Let t = 6 + -10. Let o be 7 - (-1)/(-2)*(-4 - t). Calculate the greatest common factor of o and 21.
7
Suppose -3*a - 6 = 0, -3*o - 1 = -5*a + 4*a. Let c be (o + 2)/(2/360). Suppose -2*p + c = -0*p. What is the highest common factor of p and 10?
10
Suppose 5*a = k - 3*k + 97, -3*k = 3*a - 60. Suppose -1058 = 9*z + 499. Let l = z - -230. Calculate the greatest common factor of a and l.
19
Let x = 798 + -771. Calculate the highest common factor of x and 36.
9
Suppose 4*k = 4*r, 5*r - 14 = -3*k + k. Suppose -5*h = -5*g - 145, 0 = 4*g - r*g + 10. What is the highest common factor of h and 3?
3
Suppose -5*a - r = -7*a + 155, -3*r = 9. Calculate the highest common divisor of 1292 and a.
76
Suppose -54*j - 94 + 742 = 0. Calculate the greatest common divisor of j and 288.
12
Suppose 5*d - 1862 = -33*d. Suppose -c - 12 = -q, -5*q = -2*c - 17 - 28. What is the greatest common divisor of d and q?
7
Suppose 2*i = 6*i. Let t = i - -3. Suppose 2*a - 136 = -d - t*d, 3*d = 3. What is the greatest common divisor of 6 and a?
6
Let s(c) = -c**2 + 26*c + 87. Let r be s(23). Calculate the greatest common divisor of 572 and r.
52
Let d be (-1)/((-93)/30 + 3). Let y = 59 + -39. What is the greatest common divisor of y and d?
10
Let h(j) = j**2 - 18*j + 55. Let u be h(15). What is the highest common divisor of 10 and u?
10
Let l = 83 - 174. Let x = l + 115. What is the greatest common divisor of x and 96?
24
Let w = -129 + 192. Calculate the highest common factor of w and 27.
9
Suppose -11*n = n - 900. Calculate the greatest common factor of n and 25.
25
Let k be 501/18 - 23/(-138). Calculate the greatest common divisor of k and 364.
28
Let u(i) = -11*i**2 - 84*i + 6. Let g be u(-7). What is the greatest common divisor of 15 and g?
5
Suppose -145 = 44*o - 49*o. Suppose o*j + 8 = 37*j. What is the highest common factor of j and 3?
1
Let i(l) = -l**2 - 10*l + 2. Suppose -2*z + 22 = -4*z + 2*b, -2*b = -2. Let t be i(z). Suppose -t*v + 210 = 3*v. What is the greatest common divisor of v and 6?
6
Let h = 369 - 236. What is the highest common divisor of 19 and h?
19
Let r = -2 + 5. Let j(q) = 59*q - 1. Let d be j(r). Let y(h) = h**3 + 3*h**2 - h - 2. Let s be y(2). Calculate the greatest common divisor of s and d.
16
Suppose -5*d + 226 = -i, -42*d + 39*d + 131 = 4*i. Let y be (1 + (-137)/2)*-2. Calculate the greatest common divisor of y and d.
45
Let t = 71 + -14. Suppose -3*p = -4*a - t, 0 = -2*p + p - 5*a. What is the greatest common factor of p and 5?
5
Let y be (9 - 9) + 24 + 0. Let k = -279 - -295. What is the highest common factor of k and y?
8
Suppose 2*w + 15 = 159. Let v = w + -40. Suppose -z + 4*l + v = -0*l, 3*z - 5*l - 124 = 0. What is the greatest common factor of 32 and z?
16
Let j be 30/5 + (16 - 6). What is the greatest common factor of j and 68?
4
Let b be 6289290/2394 + 4/(-38). Calculate the greatest common factor of b and 37.
37
Let u(a) = -a**2 + 17*a - 4*a - 9*a + 6. Let g be u(5). Let b be 2/3 - (-19)/3. Calculate the greatest common factor of g and b.
1
Suppose d = 23 + 4. Let y = 7 + d. Let r = 19474 - 19440. Calculate the highest common factor of y and r.
34
Suppose x + 3*x + 12 = 0. Let b be x - (8/(-4) - -7). Let a be (b/5)/(16/(-40)). What is the highest common divisor of a and 16?
4
Let k(j) be the third derivative of -j**4/6 + 7*j**3/2 - 10*j**2. Let x be k(-11). What is the highest common factor of 26 and x?
13
Let v be 1/(-3 - 535/(-180)). Let j = v + 53. What is the greatest common divisor of j and 34?
17
Let o(z) = -z**3 - 11*z**2 - 12*z + 28. Let u be o(-10). What is the highest common factor of 12 and u?
12
Let v(b) = b - 41. Let c be v(26). Let g be (0 + 5/c)*-243. Calculate the greatest common divisor of 9 and g.
9
Suppose 3192 = 3*u - 104*k + 101*k, -4*k - 5323 = -5*u. Calculate the greatest common divisor of u and 194.
97
Let f = -488 - -522. What is the greatest common divisor of f and 17?
17
Let l be (5/1 + -3 - 2) + 278. Suppose -6*z - 3*f = -4*z - 107, -3*f - l = -5*z. Let b be 2/(-2) - 0 - -12. What is the highest common factor of b and z?
11
Let y(j) = 50*j**2 + j - 4. Suppose -22*l - 10 = -27*l. Let b be y(l). What is the highest common factor of 18 and b?
18
Suppose -4*n = 5*y + 205, -3*n = -3*y - 0*n - 123. Let t = -20 - y. What is the highest common divisor of 147 and t?
21
Let b(u) = 5*u**3 - 18*u**3 + 12*u**3 - 22*u**2 - 22*u + 21. Let s be b(-21). Let l be (-21)/12*-2*8. Calculate the highest common factor of l and s.
14
Suppose 2*w + 181 = -4*j + 21, w = 5*j + 200. Let h = j - -29. Let l(r) = -r + 2. Let q be l(h). What is the greatest common divisor of q and 13?
13
Let r = 762 + -745. Calculate the greatest common divisor of 1088 and r.
17
Let n = 554 + -478. What is the greatest common factor of 57 and n?
19
Let j(n) = -n**2 + 13*n - 6. Let y be j(12). Let x be -27*(0 + 3/(-9)) - 3. Calculate the highest common factor of x and y.
6
Let w(a) = -2*a**2 - 2*a + 4. Let n be w(0). Let z(t) = 4*t + 16. Let l be z(7). What is the highest common divisor of l and n?
4
Suppose -83*o = -112*o + 1392. What is the greatest common divisor of 336 and o?
48
Suppose -4*d + b = -502, -2*d = d - 4*b - 383. Let n be 27 + -1*(-4)/10*-5. What is the highest common factor of n and d?
25
Let a = 1245 - 627. What is the greatest common factor of 6 and a?
6
Suppose 91 = d + 33. Calculate the highest common divisor of d and 899.
29
Suppose 312 = 3*p + 10*p. Let u(o) = o**3 - 8*o**2 - o + 1. Let w be u(8). Let n = w + p. Calculate the greatest common divisor of 102 and n.
17
Suppose 0 = -2*j + 6*j - 40. Let o = j + -7. Suppose 4*h - 2*z = -0*h + 502, -z = -o*h + 377. What is the highest common divisor of h and 18?
18
Let g(a) = -3*a**3 + 4*a**2 + 2*a + 4. Let b be g(-3). Calculate the highest common factor of b and 69.
23
Let n(b) = b**2 - 9*b - 21. Let k be n(12). Suppose -108 = 11*p - k*p. Calculate the highest common factor of p and 216.
27
Let g(f) = f**3 - 19*f**2 + 9*f - 19. Let w be g(19). Suppose -2*b - 12 = -w. Let i be -20*(-2 - -4)/(-4). What is the greatest common factor of b and i?
10
Suppose -6161 = 25*v - 19286. Calculate the greatest common factor of v and 3.
3
Suppose 4*v + 7*w = 3*w, -w - 8 = -v. Let m(h) = 2*h**2 - 4*h - 7. Let k be m(v). Calculate the greatest common divisor of 99 and k.
9
Let p be ((-1)/(-3))/(4/84). Let q be (-1)/(-7) + 335/p. Suppose 7*m = 2*m + 4*u + 588, u - 123 = -m. What is the greatest common divisor of m and q?
24
Suppose -4*j + 205 = -u, -u - u = -6. Let q be (-9)/3 + (j - 1). Let v be 1/(-3*1/(-72)). Calculate the highest common factor of q and v.
24
Suppose -20 = 5*v, 2*v + 25 = 3*l - 331. What is the greatest common factor of 638 and l?
58
Let s = 439 - 418. Calculate the highest common divisor of s and 96.
3
Let x = 39 - 29. Let y be (-3)/6 - (-25)/x. Suppose 28 = 2*c + 8. What is the greatest common factor of y and c?
2
Let g(j) = -j**2 - 8*j - 3. Let v = -10 - -11. Let i be 28/(-7) - 2*v. Let c be g(i). What is the greatest common divisor of c and 81?
9
Suppose 2*l = -4*f + 3*l + 88, -4 = l. What is the greatest common divisor of 6 and f?
3
Suppose 5*c - 3*c = 8, -5*c = -i - 38. Let a = i - -39. Let t be (-351)/26*(-28)/6. What is the highest common factor of t and a?
21
Let d be (2/4)/((-605)/(-150) + -4). Suppose m + 4*n = -3*m + 40, 0 = -5*n - d. What is the highest common factor of m and 117?
13
Suppose 0 = 87*n - 17*n - 2520. What is the greatest common factor of n and 936?
36
Let o(y) = -y**3 + 29*y**2 - 21*y - 112. Let j be o(28). What is the greatest common divisor of 21 and j?
21
Suppose j = 2*i - 982, -4*i - 5*j - 136 + 2086 = 0. What is the highest common factor of i and 98?
98
Let c(r) = -2*r**2 + 52*r - 79. Let x be c(24). Let h = 139 - 20. Calculate the highest common divisor of